e2 + -61?
-1653
In base 8, what is -3 - 120221?
-120224
In base 10, what is -4147 + -633?
-4780
In base 13, what is 42096 - 3?
42093
In base 15, what is -49b974 + 1?
-49b973
In base 7, what is 2514 + -20443?
-14626
In base 7, what is 2166 + -65?
2101
In base 6, what is 32 + -2401023?
-2400551
In base 6, what is -2132 + 33355?
31223
In base 4, what is -333030 + -12?
-333102
In base 10, what is -48 + 3312?
3264
In base 2, what is -1100110 + 1010011111011100?
1010011101110110
In base 10, what is 45 + -18410?
-18365
In base 12, what is 20344a - -1?
20344b
In base 6, what is -20334 + -41?
-20415
In base 16, what is 27 + -47?
-20
In base 11, what is -a - 2052?
-2061
In base 8, what is 3743 + 77?
4042
In base 6, what is 5 - 110402?
-110353
In base 12, what is 111b - 104?
1017
In base 11, what is -83510 - -4?
-83507
In base 5, what is -4 - 112334420?
-112334424
In base 10, what is -160 + -17421?
-17581
In base 16, what is -16 + -8d4?
-8ea
In base 9, what is 11 + -1206?
-1185
In base 7, what is 30 - -23510?
23540
In base 16, what is -39665 + 2?
-39663
In base 5, what is 12 + 2321?
2333
In base 11, what is -1a - -2a99?
2a7a
In base 5, what is 31214 - -2313?
34032
In base 5, what is 2303113322 - 4?
2303113313
In base 13, what is -25608 - 16?
-25621
In base 5, what is 1 + -121024401?
-121024400
In base 16, what is -7834 - 2?
-7836
In base 11, what is -20a645 + 0?
-20a645
In base 11, what is -12 - 8644?
-8656
In base 8, what is 611 - 1243?
-432
In base 9, what is -1 - -4307?
4306
In base 2, what is -10010100 + 11100000?
1001100
In base 5, what is -14002123 + -11?
-14002134
In base 4, what is 10 + 10022321?
10022331
In base 4, what is -3 + -1232323331?
-1232330000
In base 9, what is 147 + 1812?
2060
In base 13, what is -12474 - 4?
-12478
In base 7, what is -34 - -120426?
120362
In base 9, what is 1275333 - 3?
1275330
In base 16, what is -1 - 12b71?
-12b72
In base 16, what is 1 + 25fb?
25fc
In base 7, what is -4363 + 64?
-4266
In base 2, what is 101101000 + 100110011?
1010011011
In base 2, what is 11010000100 + -110010?
11001010010
In base 12, what is -1b86 - -56?
-1b30
In base 11, what is -4 - -11602?
115a9
In base 11, what is -a5a - -277?
-793
In base 12, what is 287aa7 - 0?
287aa7
In base 7, what is -262436 - 0?
-262436
In base 7, what is -234 + 405?
141
In base 2, what is -10110 + -100000110000100000?
-100000110000110110
In base 5, what is 23 - -3341?
3414
In base 14, what is 5179 - 6?
5173
In base 14, what is 1143 - -19d?
1302
In base 6, what is 31 - 14312?
-14241
In base 13, what is 935 + -30?
905
In base 11, what is -29 + -a851?
-a87a
In base 5, what is -13424413 - 10?
-13424423
In base 8, what is 255 + -173?
62
In base 4, what is -1120103 - -21?
-1120022
In base 9, what is 107 + 20?
127
In base 11, what is -1 + 6051?
6050
In base 9, what is 2 + -11531?
-11528
In base 16, what is 0 - 2111?
-2111
In base 8, what is -233400 - -27?
-233351
In base 9, what is 1 - 312062?
-312061
In base 5, what is -3112203300 - -3?
-3112203242
In base 8, what is -46215 + 270?
-45725
In base 7, what is -11261 + -611?
-12202
In base 9, what is -128 + -6850?
-7078
In base 5, what is -14442 - -203?
-14234
In base 5, what is -243342044 - -10?
-243342034
In base 4, what is -21313020 - -11?
-21313003
In base 5, what is -1 - 2113230?
-2113231
In base 12, what is -17a7 - -163?
-1644
In base 2, what is 10000011100001 - -1001010?
10000100101011
In base 13, what is 47a8 + -5?
47a3
In base 13, what is -4 + 3a324?
3a320
In base 16, what is 3 + 29ca9?
29cac
In base 4, what is 2313200 + 331?
2320131
In base 13, what is -1abbc + 1b?
-1aba1
In base 6, what is -15552 - 103?
-20055
In base 8, what is -345 + -163?
-530
In base 13, what is 2 + 32a595?
32a597
In base 4, what is -102022 - -3212?
-32210
In base 16, what is -d4696 - 2?
-d4698
In base 16, what is -12936e + -4?
-129372
In base 2, what is 10011111010111 + -100?
10011111010011
In base 7, what is 10250 + 522?
11102
In base 2, what is 1001111 + 10100100101?
10101110100
In base 14, what is -3d86 + 1?
-3d85
In base 5, what is 4 - 2024332?
-2024323
In base 12, what is -6 + 47329?
47323
In base 2, what is 110 - -11100101000001?
11100101000111
In base 2, what is 10010100000 + -110100?
10001101100
In base 15, what is -1d5 - 451?
-636
In base 2, what is 1010110011101110 - -110?
1010110011110100
In base 7, what is 4565 - 101?
4464
In base 6, what is 14411 - 43?
14324
In base 15, what is -3bbd2 + 0?
-3bbd2
In base 8, what is 44147 + -3?
44144
In base 8, what is 7 + -27542?
-27533
In base 2, what is -1011101010100001010 - -11?
-1011101010100000111
In base 13, what is 412 + -27b?
164
In base 15, what is c - -3007?
3014
In base 2, what is 1110100010010000 - 101?
1110100010001011
In base 4, what is 311033101 + 101?
311033202
In base 10, what is -5 + 18522?
18517
In base 12, what is -302b9 + 0?
-302b9
In base 14, what is 4 - -16ab4?
16ab8
In base 11, what is 309580a + 2?
3095811
In base 16, what is 7984f + 4?
79853
In base 3, what is 10 - -11220210?
11220220
In base 7, what is -346602 - -1?
-346601
In base 11, what is -20 - 1333?
-1353
In base 7, what is 40046203 - -5?
40046211
In base 2, what is 1000101111001111 - -1000010?
1000110000010001
In base 3, what is 0 - 101020200000?
-101020200000
In base 13, what is -31a6 + 4?
-31a2
In base 10, what is -5 - -14521?
14516
In base 6, what is -443511 - 3?
-443514
In base 5, what is 40404 - -1000?
41404
In base 12, what is -87b66a - 2?
-87b670
In base 13, what is -a - -3c4?
3b7
In base 16, what is 136d - 79?
12f4
In base 4, what is -312 - 13122?
-20100
In base 11, what is -377a + -4?
-3783
In base 6, what is 31204 - -24?
31232
In base 14, what is -44 + -6c4?
-728
In base 9, what is 13122 + -642?
12370
In base 15, what is -17 - -22a?
213
In base 5, what is 10 - 3142323?
-3142313
In base 9, what is -7330 + 377?
-6842
In base 7, what is -53 + -104230?
-104313
In base 7, what is 1162 + -1161?
1
In base 14, what is 4a20 + 37?
4a57
In base 10, what is 8 + -127339?
-127331
In base 10, what is 11327 + 21?
11348
In base 4, what is -3032301202 - 10?
-3032301212
In base 7, what is 4 + 102116?
102123
In base 12, what is 9a7 + 1?
9a8
In base 3, what is 222 + 11202222?
11210221
In base 4, what is -3 - 231313333?
-231320002
In base 10, what is 5205 + 3?
5208
In base 12, what is -14 - 114a?
-1162
In base 14, what is 473a - 1d?
471b
In base 2, what is 11100011110010001 + -11?
11100011110001110
In base 9, what is 3 + -143067?
-143064
In base 14, what is 31a + -416?
-da
In base 5, what is 231041 - 1240?
224301
In base 10, what is -176818 - 2?
-176820
In base 16, what is 3 - d64?
-d61
In base 9, what is 12421 - -3?
12424
In base 5, what is 222422334 - -4?
222422343
In base 8, what is -17157 - -7?
-17150
In base 12, what is 12ba86 + 4?
12ba8a
In base 15, what is -7 + 89e1?
89d9
In base 4, what is 210 + -33331?
-33121
In base 5, what is 0 - 3040124?
-3040124
In base 14, what is -9913 + -16?
-9929
In base 5, what is 3202 - 20420?
-12213
In base 13, what is -12 + -98b?
-9a0
In base 14, what is -35b2 + -a?
-35bc
In base 5, what is -1 + -3310120?
-3310121
In base 4, what is -1320312 + 0?
-1320312
In base 9, what is -3628077 + -3?
-3628081
In base 7, what is 23152 - -50?
23232
In base 9, what is -1 - -270843?
270842
In base 13, what is 4aab + 1a?
4ac8
In base 5, what is 20021344 - -2?
20021401
In base 6, what is -2 - -12310551?
12310545
In base 5, what is 302 + 22000?
22302
In base 8, what is 60657 - 1?
60656
In base 2, what is 0 - 1000010111110100?
-1000010111110100
In base 3, what is -112212112210 - 1?
-112212112211
In base 13, what is -8492 - 2?
-8494
In base 8, what is -121034 + 144?
-120670
In base 7, what is -5 + 212410?
212402
In base 14, what is 9536 + 16?
954c
In base 2, what is 1100011 + 11100111?
101001010
In base 13, what is 4 - -168291?
168295
In base 15, what is 2e0 + 29?
319
In base 9, what is 3772301 + 5?
3772306
In base 2, what is 100101100 - -1010000111?
1110110011
In base 13, what is 5 + 14898?
148a0
In base 2, what is 11101010010 + 1000101110000?
1100011000010
In base 6, what is 15 + 3244345?
3244404
In base 11, what is -1385a3 + -3?
-1385a6
In base 16, what is 2 - 45d6?
-45d4
In base 3, what is -11200102012210 - -12?
-11200102012121
In base 9, what is -86816 - -5?
-86811
In base 9, what is 1314 - -3375?
4700
I